{"id":65,"date":"2022-04-23T09:52:59","date_gmt":"2022-04-23T09:52:59","guid":{"rendered":"https:\/\/holberg-taalinstituut.be\/?page_id=65"},"modified":"2022-06-04T08:31:50","modified_gmt":"2022-06-04T08:31:50","slug":"taalcursussen","status":"publish","type":"page","link":"https:\/\/holberg-taalinstituut.be\/?page_id=65","title":{"rendered":"Taalcursussen"},"content":{"rendered":"\t\t<div data-elementor-type=\"wp-page\" data-elementor-id=\"65\" class=\"elementor elementor-65\">\n\t\t\t\t\t\t<section class=\"elementor-section elementor-top-section elementor-element elementor-element-1cbd4c2 elementor-section-boxed elementor-section-height-default elementor-section-height-default\" data-id=\"1cbd4c2\" data-element_type=\"section\" data-e-type=\"section\">\n\t\t\t\t\t\t<div class=\"elementor-container elementor-column-gap-default\">\n\t\t\t\t\t<div class=\"elementor-column elementor-col-100 elementor-top-column elementor-element elementor-element-ad4f0ea\" data-id=\"ad4f0ea\" data-element_type=\"column\" data-e-type=\"column\">\n\t\t\t<div class=\"elementor-widget-wrap elementor-element-populated\">\n\t\t\t\t\t\t<div class=\"elementor-element elementor-element-3937571 elementor-widget elementor-widget-text-editor\" data-id=\"3937571\" data-element_type=\"widget\" data-e-type=\"widget\" data-widget_type=\"text-editor.default\">\n\t\t\t\t<div class=\"elementor-widget-container\">\n\t\t\t\t\t\t\t\t\t<p>Onze taalcursussen zijn opgebouwd rond 3 modules:<\/p><ul><li><a href=\"https:\/\/holberg-taalinstituut.be\/?page_id=85\">Module 1 Noors voor beginners <\/a><em>(begynnerniv\u00e5)\u00a0<\/em><\/li><li><a href=\"https:\/\/holberg-taalinstituut.be\/?page_id=98\">Module 2 Basis Noors<\/a>\u00a0<em>(element\u00e6rt niv\u00e5)<\/em><\/li><li><a href=\"https:\/\/holberg-taalinstituut.be\/?page_id=241\">Module 3 Noors voor gevorderden<\/a> <em>(mellomniv\u00e5)<\/em><\/li><\/ul>\t\t\t\t\t\t\t\t<\/div>\n\t\t\t\t<\/div>\n\t\t\t\t\t<\/div>\n\t\t<\/div>\n\t\t\t\t\t<\/div>\n\t\t<\/section>\n\t\t\t\t<\/div>\n\t\t","protected":false},"excerpt":{"rendered":"<p>Onze taalcursussen zijn opgebouwd rond 3 modules: Module 1 Noors voor beginners (begynnerniv\u00e5)&nbsp; Module 2 Basis Noors&nbsp;(element\u00e6rt niv\u00e5) Module 3 Noors voor gevorderden (mellomniv\u00e5)<\/p>\n","protected":false},"author":1,"featured_media":0,"parent":0,"menu_order":1,"comment_status":"closed","ping_status":"closed","template":"","meta":{"footnotes":""},"class_list":["post-65","page","type-page","status-publish","hentry"],"_links":{"self":[{"href":"https:\/\/holberg-taalinstituut.be\/index.php?rest_route=\/wp\/v2\/pages\/65","targetHints":{"allow":["GET"]}}],"collection":[{"href":"https:\/\/holberg-taalinstituut.be\/index.php?rest_route=\/wp\/v2\/pages"}],"about":[{"href":"https:\/\/holberg-taalinstituut.be\/index.php?rest_route=\/wp\/v2\/types\/page"}],"author":[{"embeddable":true,"href":"https:\/\/holberg-taalinstituut.be\/index.php?rest_route=\/wp\/v2\/users\/1"}],"replies":[{"embeddable":true,"href":"https:\/\/holberg-taalinstituut.be\/index.php?rest_route=%2Fwp%2Fv2%2Fcomments&post=65"}],"version-history":[{"count":8,"href":"https:\/\/holberg-taalinstituut.be\/index.php?rest_route=\/wp\/v2\/pages\/65\/revisions"}],"predecessor-version":[{"id":444,"href":"https:\/\/holberg-taalinstituut.be\/index.php?rest_route=\/wp\/v2\/pages\/65\/revisions\/444"}],"wp:attachment":[{"href":"https:\/\/holberg-taalinstituut.be\/index.php?rest_route=%2Fwp%2Fv2%2Fmedia&parent=65"}],"curies":[{"name":"wp","href":"https:\/\/api.w.org\/{rel}","templated":true}]}}